{"id":58,"date":"2019-03-05T20:29:49","date_gmt":"2019-03-05T19:29:49","guid":{"rendered":"http:\/\/www.jati-schimmelpilzentferner.eu\/?page_id=58"},"modified":"2019-03-06T23:04:53","modified_gmt":"2019-03-06T22:04:53","slug":"fragen-zur-anwendung","status":"publish","type":"page","link":"https:\/\/www.jati-schimmelpilzentferner.eu\/index.php\/fragen-zur-anwendung\/","title":{"rendered":"Fragen zur Anwendung"},"content":{"rendered":"<section class=\"l-section wpb_row height_medium\"><div class=\"l-section-h i-cf\"><div class=\"g-cols vc_row via_grid cols_1 laptops-cols_inherit tablets-cols_inherit mobiles-cols_1 valign_top type_default stacking_default\"><div class=\"wpb_column vc_column_container\"><div class=\"vc_column-inner\"><div class=\"wpb_text_column\"><div class=\"wpb_wrapper\"><h1>Fragen zur Anwendung<\/h1>\n<\/div><\/div><div class=\"w-separator size_small\"><\/div><\/div><\/div><\/div><\/div><\/section><section class=\"l-section wpb_row height_medium color_alternate\"><div class=\"l-section-h i-cf\"><div class=\"g-cols vc_row via_grid cols_1 laptops-cols_inherit tablets-cols_inherit mobiles-cols_1 valign_top type_default stacking_default\"><div class=\"wpb_column vc_column_container\"><div class=\"vc_column-inner\"><div class=\"wpb_text_column\"><div class=\"wpb_wrapper\"><p><span style=\"font-family: Arial, sans-serif;\"><span style=\"font-size: large;\"><u><b>Wie lange dauert eine durchschnittliche Behandlung mit Jati-Schimmelpilzentferner und welche Menge brauche ich?<\/b><\/u><\/span><\/span><\/p>\n<p><span style=\"font-family: Arial, sans-serif;\"><span style=\"font-size: medium;\">Jati-Schimmelpilz-Entferner ist sehr sparsam in der Anwendung und wirkt auf jedem Untergrund &#8211; von Silikon, Holz, Mauerwerk, Tapeten und Kacheln \u00fcber OSB-Platten und diffusionsoffene Holzwerkstoffplatten bis hin zu Polstern, Teppichen, Gardinen und anderen Einrichtungsgegenst\u00e4nden. F\u00fcr einen Quadratmeter verschimmelten Untergrund ben\u00f6tigen Sie nur 80 \u2013 120 Milliliter Spr\u00fchl\u00f6sung; somit ist ein Liter Spr\u00fchl\u00f6sung ausreichend f\u00fcr eine Fl\u00e4che von 8 \u2013 12 Quadratmetern. <\/span><\/span><\/p>\n<p><span style=\"font-family: Arial, sans-serif;\"><span style=\"font-size: medium;\">Bei der Nutzung des Jati-Schimmelpilz-Entferners brauchen Sie keine besonderen Vorsichtsma\u00dfnahmen (s. Arbeitshinweise) zu beachten. Um sich allerdings vor den Gefahren des Schimmelpilzes selbst zu sch\u00fctzen, sollten Sie auf jeden Fall diverse Sicherheitsvorkehrungen wie Atemschutzmaske, Handschuhe etc. treffen. Nach Abschluss der Behandlung empfehlen wir eine gr\u00fcndliche L\u00fcftung (Sto\u00dfl\u00fcftung) des Raumes vorzunehmen.<\/span><\/span><\/p>\n<p><span style=\"font-family: Arial, sans-serif;\"><span style=\"font-size: medium;\">Da das Mittel sehr einfach und wirtschaftlich zu handhaben ist und in der Regel keine Folgebehandlungen notwendig werden, gen\u00fcgt im Schnitt eine Einspr\u00fchzeit von etwa 3-5 Minuten f\u00fcr 10 Quadratmeter Schimmelfl\u00e4che. Nach einer Stunde Einwirkungszeit k\u00f6nnen die behandelten Regionen bereits ges\u00e4ubert werden. Aufgrund des schnellen und unkomplizierten Gebrauchs eignet sich Jati-Schimmelpilz-Entferner auch f\u00fcr Gro\u00dfsanierungen oder grundlegende Renovierungsma\u00dfnahmen nach \u00dcberschwemmungen. Bei gr\u00f6\u00dferen befallenen Fl\u00e4chen (ab 0,5 m\u00b2) schlie\u00dfen wir uns allerdings der Empfehlung des Umweltbundesamtes an, unbedingt einen Fachbetrieb f\u00fcr Schimmelpilzsanierung oder einen Sachverst\u00e4ndigen f\u00fcr Schimmelpilzuntersuchungen zu beauftragen. Diese Profis helfen Ihnen, die Ursache f\u00fcr das Schimmelmilieu zu erkennen und fachgerecht zu beseitigen.<\/span><\/span><\/p>\n<\/div><\/div><div class=\"w-separator size_small\"><\/div><\/div><\/div><\/div><\/div><\/section><section class=\"l-section wpb_row height_medium\"><div class=\"l-section-h i-cf\"><div class=\"g-cols vc_row via_grid cols_1 laptops-cols_inherit tablets-cols_inherit mobiles-cols_1 valign_top type_default stacking_default\"><div class=\"wpb_column vc_column_container\"><div class=\"vc_column-inner\"><div class=\"wpb_text_column\"><div class=\"wpb_wrapper\"><p><span style=\"font-family: Arial, sans-serif;\"><span style=\"font-size: large;\"><u><b>Kann der JatiSchimmelpilz-Entferner das Material (z.B. Holz, Marmor) sch\u00e4digen, por\u00f6s werden lassen oder verf\u00e4rben?<\/b><\/u><\/span><\/span><\/p>\n<p><span style=\"font-family: Arial, sans-serif;\"><span style=\"font-size: medium;\">Nein, Jati-Schimmelpilz-Entferner sch\u00e4digt die Oberfl\u00e4chen nicht. Nur bei sehr empfindlichen Materialien wie z.B. Teppichen, Kleidung usw. sollte vor der Anwendung ein Farbvertr\u00e4glichkeitstest an einer nicht sichtbaren Stelle durchgef\u00fchrt werden.<\/span><\/span><\/p>\n<\/div><\/div><div class=\"w-separator size_small\"><\/div><\/div><\/div><\/div><\/div><\/section><section class=\"l-section wpb_row height_medium color_alternate\"><div class=\"l-section-h i-cf\"><div class=\"g-cols vc_row via_grid cols_1 laptops-cols_inherit tablets-cols_inherit mobiles-cols_1 valign_top type_default stacking_default\"><div class=\"wpb_column vc_column_container\"><div class=\"vc_column-inner\"><div class=\"wpb_text_column\"><div class=\"wpb_wrapper\"><p><span style=\"font-family: Arial, sans-serif;\"><span style=\"font-size: large;\"><u><b>Kann ich auch Silikonfugen im Bad, WC oder in der K\u00fcche mit dem Jati Schimmelpilz-Entferner reinigen?<\/b><\/u><\/span><\/span><\/p>\n<p><span style=\"font-family: Arial, sans-serif;\"><span style=\"font-size: medium;\">Ja, denn gerade Silikonfugen sind bei Schimmelpilzen aufgrund ihrer oft feuchten Umgebung sehr beliebt. Befindet sich der Schimmelpilz nur oberfl\u00e4chlich, reicht es aus, wenn Sie ihn mit Jati-Schimmelpilz-Entferner einspr\u00fchen und nach einer Stunde die abgestorbene Pilzmasse gr\u00fcndlich abwischen oder absp\u00fclen. <\/span><\/span><\/p>\n<p><span style=\"font-family: Arial, sans-serif;\"><span style=\"font-size: medium;\">Bei besonders schwerem Befall ist das Silikon jedoch vom Pilz bereits durchwachsen, dann reicht eine Oberfl\u00e4chenreinigung nicht mehr aus. Das Silikon muss raus. Bevor die neue Silikonmasse eingefugt wird, sollten Sie den Untergrund der Fugen mit Jati-Schimmelpilz-Entferner einspr\u00fchen. Sie verhindern so einen schnellen Pilzneubefall aus dem Untergrund.<\/span><\/span><\/p>\n<p><span style=\"font-family: Arial, sans-serif;\"><span style=\"font-size: medium;\">Um die gereinigten bzw. neuen Silikonfugen vor weiterem Pilzbefall zu sch\u00fctzen, empfehlen wir Ihnen, die entsprechenden Stellen in regelm\u00e4\u00dfigen Abst\u00e4nden vorbeugend einzuspr\u00fchen.<\/span><\/span><\/p>\n<\/div><\/div><div class=\"w-separator size_small\"><\/div><\/div><\/div><\/div><\/div><\/section><section class=\"l-section wpb_row height_medium\"><div class=\"l-section-h i-cf\"><div class=\"g-cols vc_row via_grid cols_1 laptops-cols_inherit tablets-cols_inherit mobiles-cols_1 valign_top type_default stacking_default\"><div class=\"wpb_column vc_column_container\"><div class=\"vc_column-inner\"><div class=\"wpb_text_column\"><div class=\"wpb_wrapper\"><p><span style=\"font-family: Arial, sans-serif;\"><span style=\"font-size: large;\"><u><b>Muss ich die Tapete nach der Schimmelpilz-Behandlung entfernen oder kann ich sie an der Wand belassen?<\/b><\/u><\/span><\/span><\/p>\n<p><span style=\"font-family: Arial, sans-serif;\"><span style=\"font-size: medium;\">Das kommt auf die St\u00e4rke des Befalls an. Befindet sich der Schimmelpilz nur oberfl\u00e4chlich, reicht es aus, wenn Sie den Pilz mit Jati-Schimmelpilz-Entferner einspr\u00fchen und nach einer Stunde die abgestorbene Pilzmasse abwischen. Wenn der Pilz aber bereits durch die Tapete gewachsen ist und sich somit vom Tapetenkleister \u201eern\u00e4hrt\u201c hat, muss die alte Tapete komplett entfernt werden. Um absolut sicher zu sein, geht unsere pers\u00f6nliche Empfehlung allerdings dahin, die Tapete grunds\u00e4tzlich zu entfernen. Auch der darunter liegende Putz muss dann mit Jati-Schimmelpilz-Entferner eingespr\u00fcht werden, um das nicht sichtbare Pilzmyzel abzut\u00f6ten.<\/span><\/span><\/p>\n<\/div><\/div><div class=\"w-separator size_small\"><\/div><\/div><\/div><\/div><\/div><\/section><section class=\"l-section wpb_row height_medium color_alternate\"><div class=\"l-section-h i-cf\"><div class=\"g-cols vc_row via_grid cols_1 laptops-cols_inherit tablets-cols_inherit mobiles-cols_1 valign_top type_default stacking_default\"><div class=\"wpb_column vc_column_container\"><div class=\"vc_column-inner\"><div class=\"wpb_text_column\"><div class=\"wpb_wrapper\"><p><span style=\"font-family: Arial, sans-serif;\"><span style=\"font-size: large;\"><u><b>Muss der Putz ebenfalls abgeschlagen werden?<\/b><\/u><\/span><\/span><\/p>\n<p><span style=\"font-family: Arial, sans-serif;\"><span style=\"font-size: medium;\">Ist der Putz por\u00f6s, muss er raus. Ist er noch fest mit einer festen Verbindung zum Untergrund reicht es aus, mit Jati-Schimmelpilz-Entferner einzuspr\u00fchen und die Oberfl\u00e4che anschlie\u00dfend zu reinigen.<\/span><\/span><\/p>\n<\/div><\/div><div class=\"w-separator size_small\"><\/div><\/div><\/div><\/div><\/div><\/section><section class=\"l-section wpb_row height_medium\"><div class=\"l-section-h i-cf\"><div class=\"g-cols vc_row via_grid cols_1 laptops-cols_inherit tablets-cols_inherit mobiles-cols_1 valign_top type_default stacking_default\"><div class=\"wpb_column vc_column_container\"><div class=\"vc_column-inner\"><div class=\"wpb_text_column\"><div class=\"wpb_wrapper\"><p><span style=\"font-family: Arial, sans-serif;\"><span style=\"font-size: large;\"><u><b>Kann man sich mit Jati-Schimmelpilzentferner die Kosten f\u00fcr eine professionelle Schimmelpilzsanierung sparen?<\/b><\/u><\/span><\/span><\/p>\n<p><span style=\"font-family: Arial, sans-serif;\"><span style=\"font-size: medium;\">Wenn der Schimmelpilzbefall nur kleinfl\u00e4chig ist, k\u00f6nnen Sie selber gegen den Schimmelpilz vorgehen. Sie sollten jedoch bedenken, dass sich die Schimmelpilze durch umher fliegende Sporen weiter verbreiten und es zu \u201eSekund\u00e4rkontaminationen\u201c kommen kann. Professionelle Sanierer finden oft weitere befallene Stellen, die f\u00fcr Laien nicht ganz so offensichtlich und leicht zug\u00e4nglich sind.<\/span><\/span><\/p>\n<p><span style=\"font-family: Arial, sans-serif;\"><span style=\"font-size: medium;\">Grunds\u00e4tzlich gilt, dass bei Schimmelpilzbefall von mehr als 0,5m\u00b2 ein Fachbetrieb zu Rate gezogen werden sollte. So lautet auch die Empfehlung des Umweltbundesamtes im Schimmelpilzleitfaden.<\/span><\/span><\/p>\n<\/div><\/div><div class=\"w-separator size_small\"><\/div><\/div><\/div><\/div><\/div><\/section><section class=\"l-section wpb_row height_medium color_alternate\"><div class=\"l-section-h i-cf\"><div class=\"g-cols vc_row via_grid cols_1 laptops-cols_inherit tablets-cols_inherit mobiles-cols_1 valign_top type_default stacking_default\"><div class=\"wpb_column vc_column_container\"><div class=\"vc_column-inner\"><div class=\"wpb_text_column\"><div class=\"wpb_wrapper\"><p><span style=\"font-family: Arial, sans-serif;\"><span style=\"font-size: large;\"><u><b>Wie lange h\u00e4lt die schimmelhemmende Wirkung des Jati-Schimmelpilzentferners an?<\/b><\/u><\/span><\/span><\/p>\n<p><span style=\"font-family: Arial, sans-serif;\"><span style=\"font-size: medium;\">Das h\u00e4ngt davon ab, wie feucht der behandelte Untergrund (z.B. Mauerwerk) ist. Wenn sich z.B. durch schwerwiegende Baum\u00e4ngel immer wieder neue Feuchtigkeit durch die Wand dr\u00fcckt, werden die Fruchts\u00e4uren mit der Zeit ausgewaschen und verlieren ihre schimmelhemmende Wirkung. Daher sollte grunds\u00e4tzlich immer die Ursache des Schimmelbefalls beseitigt werden.<\/span><\/span><\/p>\n<\/div><\/div><div class=\"w-separator size_small\"><\/div><\/div><\/div><\/div><\/div><\/section><section class=\"l-section wpb_row height_medium\"><div class=\"l-section-h i-cf\"><div class=\"g-cols vc_row via_grid cols_1 laptops-cols_inherit tablets-cols_inherit mobiles-cols_1 valign_top type_default stacking_default\"><div class=\"wpb_column vc_column_container\"><div class=\"vc_column-inner\"><div class=\"wpb_text_column\"><div class=\"wpb_wrapper\"><p><span style=\"font-family: Arial, sans-serif;\"><span style=\"font-size: large;\"><u><b>Wann sollte man bei Schimmelpilzbefall einen Sanierer oder Bausachverst\u00e4ndigen um Rat fragen?<\/b><\/u><\/span><\/span><\/p>\n<p><span style=\"font-family: Arial, sans-serif;\"><span style=\"font-size: medium;\">Kleinfl\u00e4chigen Schimmelbefall, insbesondere wenn er durch L\u00fcftungsprobleme oder erkl\u00e4rbare Feuchtigkeit z.B. im Badezimmer verursacht wurde, kann man relativ einfach selbst mit Hilfe des Jati-Schimmelpilz-Entferners in der 0,5 l &#8211; Spr\u00fchflasche beseitigen.<\/span><\/span><\/p>\n<p><span style=\"font-family: Arial, sans-serif;\"><span style=\"font-size: medium;\">Handelt es sich jedoch um eine Fl\u00e4che von mehr als 0,5 m\u00b2, sollte man unbedingt einen Fachmann zu Rate ziehen. Hier gilt es, die Ursache f\u00fcr den Schaden zu ermitteln und fachgerecht beheben zu lassen. Nur dann ist sichergestellt, dass eine ordnungsgem\u00e4\u00dfe und nachhaltige Schimmelpilzsanierung und Ursachenbeseitigung erfolgt ist und damit keine Gef\u00e4hrdung mehr vom Schimmelpilz ausgeht. <\/span><\/span><\/p>\n<p><span style=\"font-family: Arial, sans-serif;\"><span style=\"font-size: medium;\">Auch wenn Sie Schimmelgeruch feststellen, Sie jedoch keine Schimmelflecken sehen, sollte der Fachmann eingeschaltet werden. Es gibt viele M\u00f6glichkeiten, wo sich der Pilz,<\/span> <span style=\"font-size: medium;\">f\u00fcr Sie nicht sichtbar, versteckt halten kann. Beliebte Pl\u00e4tze sind hinter Schr\u00e4nken (Au\u00dfenwand), Fu\u00dfleisten, in Hohlr\u00e4umen, hinter Betten und Gardinen.<\/span><\/span><\/p>\n<\/div><\/div><div class=\"w-separator size_small\"><\/div><\/div><\/div><\/div><\/div><\/section><section class=\"l-section wpb_row height_medium color_alternate\"><div class=\"l-section-h i-cf\"><div class=\"g-cols vc_row via_grid cols_1 laptops-cols_inherit tablets-cols_inherit mobiles-cols_1 valign_top type_default stacking_default\"><div class=\"wpb_column vc_column_container\"><div class=\"vc_column-inner\"><div class=\"wpb_text_column\"><div class=\"wpb_wrapper\"><p><span style=\"font-family: Arial, sans-serif;\"><span style=\"font-size: large;\"><u><b>Wie verhalte ich mich bei Stockflecken auf Gipskarton?<\/b><\/u><\/span><\/span><\/p>\n<p><span style=\"font-family: Arial, sans-serif;\"><span style=\"font-size: medium;\">Manchmal weisen harmlos aussehende kleine Stockflecken auf Rigips auf ein ernsthaftes Schimmelpilzproblem hin. Man findet diese Situationen h\u00e4ufig in Badezimmern oder angrenzenden R\u00e4umen. Durch einen Feuchtigkeitsschaden oder kleinere Mengen Wasser, die kontinuierlich ausgetreten sind, wurde der Rigips durchfeuchtet. Ein gefundenes Fressen f\u00fcr Schimmelpilze. Man riecht sie schon seit l\u00e4ngerer Zeit, optisch haben sie sich allerdings bisher kaum bemerkbar gemacht. Hier muss man davon ausgehen, dass die nicht sichtbare R\u00fcckseite des Rigips stark von Schimmelpilzen befallen ist. Dann gibt es nur eine L\u00f6sung: Raus mit den befallenen Baustoffen. Leider ist bei Sch\u00e4den dieser Art sehr h\u00e4ufig auch die gef\u00fcrchtete Schimmelpilzgattung Stachybotrys festzustellen. Daher sollte man eine Sanierung keinesfalls auf die lange Bank schieben oder selber irgendwelche \u201eNotl\u00f6sungen\u201c versuchen. Auf jeden Fall sollte ein Profi hinzu gezogen werden.<\/span><\/span><\/p>\n<\/div><\/div><div class=\"w-separator size_small\"><\/div><\/div><\/div><\/div><\/div><\/section><section class=\"l-section wpb_row height_medium\"><div class=\"l-section-h i-cf\"><div class=\"g-cols vc_row via_grid cols_1 laptops-cols_inherit tablets-cols_inherit mobiles-cols_1 valign_top type_default stacking_default\"><div class=\"wpb_column vc_column_container\"><div class=\"vc_column-inner\"><div class=\"wpb_text_column\"><div class=\"wpb_wrapper\"><p><span style=\"font-family: Arial, sans-serif;\"><span style=\"font-size: large;\"><u><b>Kann der Jati-Schimmelpilzentferner auch bei Pilzbefall im Schlafzimmer angewendet werden?<\/b><\/u><\/span><\/span><\/p>\n<p><span style=\"font-family: Arial, sans-serif;\"><span style=\"font-size: medium;\">Jati-Schimmelpilz-Entferner eignet sich besonders gut f\u00fcr so sensible Bereiche wie Schlaf-, Kinder- oder Badezimmer, da er im Gegensatz zu den meisten industriellen Schimmelpilzmitteln frei von Chlor sowie ohne Aldehyde, Alkohole, oder quartern\u00e4ren Ammoniumverbindungen ist. Die Unbedenklichkeit wurde sogar in einem Hautvertr\u00e4glichkeitstest mit \u201eSehr gut\u201c (Dermatest, 2007) bewertet.<\/span><\/span><\/p>\n<\/div><\/div><div class=\"w-separator size_small\"><\/div><\/div><\/div><\/div><\/div><\/section><section class=\"l-section wpb_row height_medium color_alternate\"><div class=\"l-section-h i-cf\"><div class=\"g-cols vc_row via_grid cols_1 laptops-cols_inherit tablets-cols_inherit mobiles-cols_1 valign_top type_default stacking_default\"><div class=\"wpb_column vc_column_container\"><div class=\"vc_column-inner\"><div class=\"wpb_text_column\"><div class=\"wpb_wrapper\"><p><span style=\"font-family: Arial, sans-serif;\"><span style=\"font-size: large;\"><u><b>Kann der Jati-Schimmelpilz-Entferner bei gro\u00dffl\u00e4chigem und extremem Schimmelbefall noch helfen?<\/b><\/u><\/span><\/span><\/p>\n<p><span style=\"font-family: Arial, sans-serif;\"><span style=\"font-size: medium;\">Jati-Schimmelpilz-Entferner ist auch f\u00fcr gro\u00dfe und extrem befallene Fl\u00e4chen bestens geeignet, da er Fruchts\u00e4uren in Kombination mit Aktivsauerstoff enth\u00e4lt und sehr effektiv und sparsam in der Anwendung ist. Die enthaltene Menge an Aktivsauerstoff ist f\u00fcr Menschen unbedenklich. <\/span><\/span><\/p>\n<p><span style=\"font-family: Arial, sans-serif;\"><span style=\"font-size: medium;\">Grunds\u00e4tzlich sollten Sie aber bei schwerwiegenden F\u00e4llen gemeinsam mit einem Baubiologen oder einer Schimmel-Sanierungsfirma den baulichen und hygienischen Ursachen auf den Grund gehen. Ein professioneller Sanierer kann zus\u00e4tzlich mit sogenannten Hei\u00df- oder Kaltfoggern und dem speziell hierf\u00fcr entwickelten Jati-Sporenvernichter die Raumluft entkeimen, denn eine Pilzspore kann lange Zeit selbst unter den unwirtlichsten Bedingungen \u00fcberleben, um irgendwann bei gen\u00fcgend Feuchtigkeit auszukeimen und einen Schimmelbefall zu verursachen.<\/span><\/span><\/p>\n<\/div><\/div><div class=\"w-separator size_small\"><\/div><\/div><\/div><\/div><\/div><\/section><section class=\"l-section wpb_row height_medium\"><div class=\"l-section-h i-cf\"><div class=\"g-cols vc_row via_grid cols_1 laptops-cols_inherit tablets-cols_inherit mobiles-cols_1 valign_top type_default stacking_default\"><div class=\"wpb_column vc_column_container\"><div class=\"vc_column-inner\"><div class=\"wpb_text_column\"><div class=\"wpb_wrapper\"><p><span style=\"font-family: Arial, sans-serif;\"><span style=\"font-size: large;\"><u><b>Ist der Jati Schimmelpilzentferner f\u00fcr den Menschen giftig?<\/b><\/u><\/span><\/span><\/p>\n<p><span style=\"font-family: Arial, sans-serif;\"><span style=\"font-size: medium;\">Nein. Jati-Schimmelpilz-Entferner ist im Gegensatz zu den meisten industriellen Schimmelpilzmitteln frei von Chlor, Aldehyden, Alkoholen oder quartern\u00e4ren Ammoniumverbindungen. Jati-Schimmelpilz-Entferner basiert auf Fruchts\u00e4uren, die auch in der Lebensmittelindustrie eingesetzt werden. <\/span><\/span><\/p>\n<p><span style=\"font-family: Arial, sans-serif;\"><span style=\"font-size: medium;\">Bei der Nutzung des Jati-Schimmelpilz-Entferners brauchen Sie somit keine besonderen Sicherheitsvorschriften zu beachten. Grunds\u00e4tzlich sollte man sich jedoch vor der<\/span> <span style=\"font-size: medium;\">Gef\u00e4hrdung durch den Schimmelpilz selbst sch\u00fctzen. Hier empfehlen sich diverse Sicherheitsvorkehrungen wie Atemschutzmaske, Handschuhe etc<\/span><\/span><\/p>\n<\/div><\/div><div class=\"w-separator size_small\"><\/div><\/div><\/div><\/div><\/div><\/section><section class=\"l-section wpb_row height_medium color_alternate\"><div class=\"l-section-h i-cf\"><div class=\"g-cols vc_row via_grid cols_1 laptops-cols_inherit tablets-cols_inherit mobiles-cols_1 valign_top type_default stacking_default\"><div class=\"wpb_column vc_column_container\"><div class=\"vc_column-inner\"><div class=\"wpb_text_column\"><div class=\"wpb_wrapper\"><p><span style=\"font-family: Arial, sans-serif;\"><span style=\"font-size: large;\"><u><b>Muss ich nach dem Einsatz von Jati Schimmelpilzentferner den Raum aus gesundheitlichen Gr\u00fcnden l\u00e4ngere Zeit meiden?<\/b><\/u><\/span><\/span><\/p>\n<p><span style=\"font-family: Arial, sans-serif;\"><span style=\"font-size: medium;\">Nein, alle R\u00e4ume sind nach der Behandlung rasch wieder begeh- und bewohnbar. Wir empfehlen allerdings im Anschluss an die Behandlung des Jati Schimmelentferners eine gr\u00fcndliche L\u00fcftung der R\u00e4ume.<\/span><\/span><\/p>\n<\/div><\/div><div class=\"w-separator size_small\"><\/div><\/div><\/div><\/div><\/div><\/section><section class=\"l-section wpb_row height_medium\"><div class=\"l-section-h i-cf\"><div class=\"g-cols vc_row via_grid cols_1 laptops-cols_inherit tablets-cols_inherit mobiles-cols_1 valign_top type_default stacking_default\"><div class=\"wpb_column vc_column_container\"><div class=\"vc_column-inner\"><div class=\"wpb_text_column\"><div class=\"wpb_wrapper\"><p><span style=\"font-family: Arial, sans-serif;\"><span style=\"font-size: large;\"><u><b>Kann ich den Jati Schimmelpilz-Entferner auch bei modrigem und fauligem Geruch im Keller verwenden?<\/b><\/u><\/span><\/span><\/p>\n<p><span style=\"font-family: Arial, sans-serif;\"><span style=\"font-size: medium;\">Modriger oder fauliger Geruch im Keller kann ein Hinweis auf Pilzbefall sein. Manchmal ist ein Schimmelpilzrasen im tr\u00fcben Kellerlicht f\u00fcr den Laien schwer auszumachen \u2013 der Geruch ist jedoch unverkennbar. Dann ziehen Sie besser einen Bausachverst\u00e4ndigen oder eine professionelle Schimmel-Sanierungsfirma zu Rate. Handelt es sich jedoch nur um kleinfl\u00e4chigen Befall, spr\u00fchen Sie die befallenen Stellen mit Jati-Schimmelentferner lokal ein. Nach etwa einer Stunde Einwirkzeit k\u00f6nnen die abget\u00f6teten \u00dcberreste entfernt werden.<\/span><\/span><\/p>\n<\/div><\/div><div class=\"w-separator size_small\"><\/div><\/div><\/div><\/div><\/div><\/section><section class=\"l-section wpb_row height_medium color_alternate\"><div class=\"l-section-h i-cf\"><div class=\"g-cols vc_row via_grid cols_1 laptops-cols_inherit tablets-cols_inherit mobiles-cols_1 valign_top type_default stacking_default\"><div class=\"wpb_column vc_column_container\"><div class=\"vc_column-inner\"><div class=\"wpb_text_column\"><div class=\"wpb_wrapper\"><p><span style=\"font-family: Arial, sans-serif;\"><span style=\"font-size: large;\"><u><b>Kann der Jati Schimmelpilz-Entferner auch bei Schimmelpilz im Auto verwendet werden?<\/b><\/u><\/span><\/span><\/p>\n<p><span style=\"font-family: Arial, sans-serif;\"><span style=\"font-size: medium;\">Grunds\u00e4tzlich ja. Allerdings sollten Sie beachten, dass das enthaltene Wasserstoffperoxid eine bleichende Wirkung haben kann, obwohl es nur geringf\u00fcgig, d.h. unter der Gefahrstoffschwelle konzentriert ist. Wollen Sie sicher gehen, dass Ihre Sitzbez\u00fcge nicht gebleicht werden, so probieren Sie den Schimmelpilz-Entferner am besten einige Stunden vorher an einer kleinen, nicht sichtbaren Stelle auf den Bez\u00fcgen aus. Denn nicht jeder Stoff und jede Stofffarbe reagiert gleich empfindlich und gleich schnell auf Wasserstoffperoxid.<\/span><\/span><\/p>\n<\/div><\/div><div class=\"w-separator size_small\"><\/div><\/div><\/div><\/div><\/div><\/section>\n","protected":false},"excerpt":{"rendered":"","protected":false},"author":2,"featured_media":0,"parent":0,"menu_order":0,"comment_status":"closed","ping_status":"closed","template":"","meta":{"footnotes":""},"class_list":["post-58","page","type-page","status-publish","hentry"],"_links":{"self":[{"href":"https:\/\/www.jati-schimmelpilzentferner.eu\/index.php\/wp-json\/wp\/v2\/pages\/58","targetHints":{"allow":["GET"]}}],"collection":[{"href":"https:\/\/www.jati-schimmelpilzentferner.eu\/index.php\/wp-json\/wp\/v2\/pages"}],"about":[{"href":"https:\/\/www.jati-schimmelpilzentferner.eu\/index.php\/wp-json\/wp\/v2\/types\/page"}],"author":[{"embeddable":true,"href":"https:\/\/www.jati-schimmelpilzentferner.eu\/index.php\/wp-json\/wp\/v2\/users\/2"}],"replies":[{"embeddable":true,"href":"https:\/\/www.jati-schimmelpilzentferner.eu\/index.php\/wp-json\/wp\/v2\/comments?post=58"}],"version-history":[{"count":19,"href":"https:\/\/www.jati-schimmelpilzentferner.eu\/index.php\/wp-json\/wp\/v2\/pages\/58\/revisions"}],"predecessor-version":[{"id":204,"href":"https:\/\/www.jati-schimmelpilzentferner.eu\/index.php\/wp-json\/wp\/v2\/pages\/58\/revisions\/204"}],"wp:attachment":[{"href":"https:\/\/www.jati-schimmelpilzentferner.eu\/index.php\/wp-json\/wp\/v2\/media?parent=58"}],"curies":[{"name":"wp","href":"https:\/\/api.w.org\/{rel}","templated":true}]}}